e 2/(-3) - 32/(-3). What is the greatest common factor of p and b?
5
Suppose -y - 4*y + 320 = 0. Let h(x) = -17*x - 1. Let r be h(-1). What is the highest common divisor of r and y?
16
Suppose r - 134 + 324 = 3*h, -2*h + 2*r + 128 = 0. Calculate the greatest common factor of h and 7.
7
Let p be -35 - -2 - 1*2. Let f be 3*6/99 + (-2164)/44. Let a = p - f. Calculate the greatest common divisor of a and 70.
14
Let c(l) = -9 + 2 - 14*l - 5 - 2 - l**2. Let h be c(-11). Calculate the highest common divisor of h and 152.
19
Suppose 6 = 6*b - 3*b. Suppose b*g = -0*g + 176. Calculate the highest common factor of 8 and g.
8
Suppose -r + 5*r = w + 53, w = -3*r + 38. Suppose 2*y - 71 - 33 = 0. Calculate the greatest common divisor of y and r.
13
Let t(g) = g**2 - 5*g - 4. Let s be t(7). Calculate the highest common divisor of s and 110.
10
Suppose 0*j + 2*j = 8. What is the greatest common divisor of j and 32?
4
Let i = -15 + 23. Let y = 15 - i. Calculate the greatest common factor of y and 35.
7
Suppose -3*q + 2*p + 46 - 1 = 0, 3*p = 5*q - 76. Calculate the highest common factor of 68 and q.
17
Let o = 234 - 90. Let x = o - -45. Let j(f) = 4*f**2 - 3*f - 1. Let n be j(-2). Calculate the greatest common factor of x and n.
21
Suppose 52 = 6*r - 2*r. Suppose 7*n - 52 = 3*n. What is the highest common divisor of r and n?
13
Suppose 0 = -j - 3*j + 96. Let v be 165/4 + (-2)/8. Suppose -s - 5*c = -v, 25 = 2*s - 2*c + 3. Calculate the greatest common factor of s and j.
8
Suppose 2*k + 3*w = 115 + 23, -w = 0. Let z = k - 41. Calculate the highest common factor of z and 42.
14
Suppose 2 = -q, -5*z + 6 = 3*q - q. Suppose z*a - 5 = 3. Suppose o - a*o - 28 = -g, -o = 5. What is the greatest common factor of 13 and g?
13
Suppose -4*h + 134 = -50. Calculate the greatest common divisor of 115 and h.
23
Suppose q - 2*u = 69, -q + 363 = 4*q - 4*u. Let b = q - 48. What is the greatest common factor of b and 18?
9
Suppose 2*y - 4 = 0, 2*y - y + 2 = 2*u. Suppose -2*x = 3*d - x - 19, -2*d + 15 = 3*x. Let h = d - 4. What is the greatest common divisor of h and u?
2
Let a = -21 + 90. Calculate the greatest common factor of a and 3.
3
Suppose -g - g - 10 = 0. Let k = 10 + g. Suppose 3*p - 147 = -3*d - 0*d, 0 = -2*d - k*p + 113. What is the highest common factor of d and 11?
11
Suppose -o = 4*v + v - 37, -2*o = 3*v - 39. Suppose 5*j - 14 = -5*a + 201, 0 = 3*a + 15. Calculate the highest common divisor of o and j.
12
Suppose -4*g - 58 = -5*f - 16, -2*g - 18 = -f. Let d be (-1)/(g/18)*4. What is the highest common factor of d and 54?
9
Let t = -23 + 43. Calculate the highest common divisor of t and 10.
10
Suppose -4*q = y + 2 - 0, -6 = -2*y - 3*q. Calculate the greatest common divisor of y and 9.
3
Let d(m) = 2 + 1 - 6*m - 5. Let c be d(-3). Suppose 0 = -4*j - 5*l + 172, 3*l - 68 = -j + 8*l. What is the greatest common factor of j and c?
16
Let x be (-2 - -16)*14/4. Suppose 15 = -p - 5*n, -3*n + x + 26 = -5*p. Let d be (-1 - p) + (-2)/1. Calculate the greatest common divisor of d and 2.
2
Suppose -5 = 4*r - 17. Suppose 3*t = -0*t + r. What is the greatest common divisor of t and 5?
1
Let p be 1/((-2)/(-14)*-1). Let g be (p - -6) + (-3)/(-1). Calculate the highest common divisor of 22 and g.
2
Let c = 145 - 103. Calculate the highest common factor of 24 and c.
6
Let b = -12 + 16. What is the highest common divisor of 8 and b?
4
Suppose -10 + 2 = 4*m, 0 = -4*r - m + 234. What is the highest common factor of 177 and r?
59
Suppose 5*h - 5*f - 650 = 0, -6*h + h + 690 = 3*f. Calculate the highest common divisor of h and 30.
15
Suppose -c + 29 + 1 = 0. Calculate the greatest common divisor of 15 and c.
15
Suppose 3*l - 54 = l. Calculate the greatest common divisor of 9 and l.
9
Let u be 8/(-3)*(-3)/2. Calculate the highest common factor of 8 and u.
4
Suppose -2*q + 5*h - 5 + 13 = 0, -3*h = -4*q + 30. Let b(y) = -y**2 - 20*y + 19. Let g be b(-18). Let l = 8 + g. What is the greatest common divisor of l and q?
9
Let l(w) = 7*w**2 + 1. Let s be l(-1). Suppose -2*d = -3*a - 272, 6*a = d + 4*a - 137. Let m = d + -45. What is the highest common divisor of m and s?
8
Let l(s) = 2*s**2 - 2*s. Let y be l(-2). What is the greatest common divisor of y and 30?
6
Let m = -9 - -14. Suppose -5*l + m = -5. Suppose l*d - 74 = -2*d - 2*c, -c = 3. Calculate the highest common divisor of d and 5.
5
Let r = 108 + -27. Calculate the greatest common factor of r and 54.
27
Let k(m) = -m**2 + 10*m - 22. Let w be k(6). Calculate the greatest common factor of w and 5.
1
Let q = 15 + -10. Suppose -q*s - 65 = -10*s. What is the highest common divisor of s and 104?
13
Suppose -5*d + 2*f = -74, 4*d = 2*f + 76 - 18. What is the highest common factor of d and 176?
16
Let k = -3 + 4. Let n(h) be the first derivative of 9*h**4/4 - h**3/3 + h**2/2 - 1. Let q be n(k). What is the highest common factor of q and 6?
3
Let z(i) = -i**3 - 4*i**2 - 5*i + 3. Let q be z(-6). Let h = 132 - 111. What is the greatest common factor of q and h?
21
Let w be ((-28)/(-6) + 0)*3. Suppose -2*x + 11 = 4*o - 11, 5*x - 23 = -2*o. Suppose -d = -x*d + 84. What is the greatest common factor of d and w?
14
Let z = 3 + -62. Let i = -17 - z. What is the highest common divisor of 63 and i?
21
Suppose -3*j = -6 - 0. Suppose j*h = 3*g - 3*h - 80, 3*h = -2*g + 28. Let b be 5 - 0*(-2)/4. Calculate the highest common divisor of b and g.
5
Let x = -9 - -10. Calculate the greatest common factor of 9 and x.
1
Let a be (-432)/(-7) + 4/14. Suppose -4*i + a = 2*x + 3*x, -5*i - 4*x = -82. What is the highest common divisor of 6 and i?
6
Suppose 0 = -k - 0 + 2. Let d(g) = -2*g - 2 + g**k + 2*g**2 + 5*g. Let v be d(-6). Calculate the greatest common divisor of v and 11.
11
Let l be (-148)/18 + 4/18. Let x(h) = -h**3 - 9*h**2 - 11*h - 12. Let c be x(l). Calculate the highest common divisor of c and 18.
6
Let b be (-66)/(-4)*(-20)/(-15). Suppose 50 = 2*c - b. What is the greatest common divisor of 9 and c?
9
Let o(x) = -4*x. Suppose -l + 0 - 2 = 0. Let v be o(l). Calculate the highest common divisor of 8 and v.
8
Let a(g) be the first derivative of g**3/3 + 5*g**2/2 - 6*g + 1. Let o = 20 + -28. Let c be a(o). What is the greatest common factor of c and 72?
18
Let q = 5 - -171. Suppose -a + 3*a = 8. Suppose -a*w = -6*w + 44. What is the greatest common divisor of q and w?
22
Suppose -5*g = 5*d - 4*g - 19, -13 = -3*d + g. Suppose 22 = d*x - 30. Let p be (-1 + 27)*(-5)/(-2). Calculate the highest common factor of x and p.
13
Let w be 0 + 1 + 60 + 2. Let t = w + -23. Suppose -5*j + t = -0. What is the highest common factor of 88 and j?
8
Suppose -3*q + 2*s = -54, 0*q + 5*s = 5*q - 85. What is the greatest common factor of q and 4?
4
Suppose -4*f + 9 = -f. Suppose -m - 10 = -f*m. Suppose -j + 2 - 3 = 0, m*y + j = 24. Calculate the greatest common divisor of y and 5.
5
Let i(l) = -l - 11. Let k be i(0). Let x = -1 - k. Suppose 80 = -5*t + 6*t. Calculate the greatest common factor of x and t.
10
Let f(m) = -m**3 - m + 3. Let g be f(1). What is the greatest common divisor of g and 7?
1
Let a(v) = 190*v**3 + v**2 + v - 2. Let s be a(1). What is the greatest common factor of 19 and s?
19
Suppose -2*n + 126 = -5*l, -2*l = -l. Calculate the highest common factor of n and 7.
7
Let t be 9/(-27) - (-170)/6. Calculate the greatest common divisor of 4 and t.
4
Let j be (46/(-1))/((-8)/4). Let h = -16 + j. What is the highest common factor of 28 and h?
7
Suppose 5*i + 15 = a, -5*a + 10 = 2*i - 11. Suppose 0 = 4*l - 15 - a. What is the greatest common divisor of l and 35?
5
Let c = 89 + -61. Let r be 1 + -82*(-2)/4. Calculate the highest common factor of c and r.
14
Let h = -32 + 64. Suppose -3*c = 2*x - 83 - h, 111 = 2*x - c. Calculate the greatest common factor of x and 8.
8
Let p(j) = j - 14. Let q be p(26). Calculate the highest common factor of q and 36.
12
Suppose -4*t + 4*g + 0*g + 76 = 0, -5*t + 93 = -4*g. What is the highest common divisor of t and 17?
17
Let l be ((2 + -1)*1)/(4/16). Let k(n) be the first derivative of n**4/4 + n**3/3 + 5*n + 1. Let m be k(l). What is the greatest common factor of m and 17?
17
Let y(b) = -b**3 + 3*b**2 + 5*b - 7. Let j be y(-7). Suppose -5*t = -4*g + 5*g - 98, -j = -5*g - 4*t. What is the greatest common factor of g and 8?
8
Suppose 19*a 